{"id":672,"date":"2020-07-27T21:35:41","date_gmt":"2020-07-27T19:35:41","guid":{"rendered":"http:\/\/www.matteoavanzi.it\/officinameccanicamarchetti\/?page_id=672"},"modified":"2026-04-29T09:31:48","modified_gmt":"2026-04-29T07:31:48","slug":"qualita","status":"publish","type":"page","link":"https:\/\/www.officinamarchetti.it\/?page_id=672","title":{"rendered":"Qualit\u00e0"},"content":{"rendered":"\t<section class=\"section dark has-parallax\" id=\"section_1886995528\">\n\t\t<div class=\"bg section-bg fill bg-fill  \" data-parallax-container=\".section\" data-parallax-background data-parallax=\"-6\">\n\n\t\t\t\n\t\t\t\n\t\t\t\n\n\t\t<\/div>\n\n\t\t<div class=\"section-content relative\">\n\t\t\t\n  <div id=\"page-header-1986786371\" class=\"page-header-wrapper\">\n  <div class=\"page-title dark simple-title\">\n\n    \n    <div class=\"page-title-inner container align-center flex-row medium-flex-wrap\" >\n              <div class=\"title-wrapper flex-col text-left medium-text-center\">\n          <h1 class=\"entry-title mb-0\">\n            Qualit\u00e0          <\/h1>\n        <\/div>\n                    <div class=\"title-content flex-col flex-right text-right medium-text-center\">\n        <div class=\"title-breadcrumbs pb-half pt-half\"><\/div>      <\/div>\n    <\/div>\n\n     \n<style scope=\"scope\">\n\n#page-header-1986786371 .page-title-inner {\n  min-height: 0px;\n}\n#page-header-1986786371 {\n  margin-bottom: 18px;\n}\n<\/style>\n  <\/div>\n    <\/div>\n  \n<div class=\"row\"  id=\"row-1942088654\">\n\n\t<div class=\"col small-12 large-12\"  >\n\t\t<div class=\"col-inner\" style=\"padding:0px 0px 0px 0px;margin:0px 0px -37px 0px;\" >\n\t\t\t\n\t\t\t\n\t\t<\/div>\n\t<\/div>\n\n\t\n\n<style scope=\"scope\">\n\n#row-1942088654 > .col > .col-inner {\n  padding: 0px 0px 0px 0px;\n}\n<\/style>\n<\/div>\n\t\t<\/div>\n\n\t\t\n<style scope=\"scope\">\n\n#section_1886995528 {\n  padding-top: 30px;\n  padding-bottom: 30px;\n}\n#section_1886995528 .section-bg.bg-loaded {\n  background-image: url(https:\/\/www.officinamarchetti.it\/wp-content\/uploads\/2020\/07\/officinameccanicamarchetti-1033637-1.jpg);\n}\n#section_1886995528 .section-bg {\n  background-position: 55% 28%;\n}\n<\/style>\n\t<\/section>\n\t\n\t<div id=\"gap-780814047\" class=\"gap-element clearfix\" style=\"display:block; height:auto;\">\n\t\t\n<style scope=\"scope\">\n\n#gap-780814047 {\n  padding-top: 54px;\n}\n<\/style>\n\t<\/div>\n\t\n<div class=\"row row-small align-middle\"  id=\"row-2125594120\">\n\n\t<div class=\"col small-12 large-12\"  >\n\t\t<div class=\"col-inner\"  >\n\t\t\t\n\t\t\t\n<h4 class=\"p1\"><span class=\"s1\">Una lunga esperienza e collaboratori molto capaci, tecnologie innovative e<span class=\"Apple-converted-space\">\u00a0 <\/span>tanta competenza, permettono a Officina Meccanica Marchetti di realizzare stampi ad iniezione di eccezionale qualit\u00e0.<\/span><\/h4>\n\t\t<\/div>\n\t<\/div>\n\n\t\n\n\t<div class=\"col medium-6 small-12 large-6\"  >\n\t\t<div class=\"col-inner\"  >\n\t\t\t\n\t\t\t\n<p class=\"p1\">Seguiamo ogni fase del processo produttivo con la massima attenzione e un intero reparto \u00e8 dedicato al collaudo, tanto che consegniamo al cliente lo stampo testato, comprensivo di campionatura e accompagnato da una manualistica tecnica accurata e di facile lettura.<\/p>\n<p class=\"p1\">Ci impegniamo ogni giorno a migliorare i nostri processi. Abbiamo a cuore la sicurezza, la salute e il benessere dei nostri dipendenti. Amiamo e rispettiamo lo straordinario territorio nel quale abbiamo la fortuna di operare.<\/p>\n<p class=\"p1\">Nell\u2019ottica del miglioramento continuo, Officina Meccanica Marchetti ha scelto di dotarsi di un Sistema di Gestione per la Qualit\u00e0, in conformit\u00e0 alla Norma di riferimento UNI EN ISO 9001:2015, per assicurare un impiego efficace ed efficiente delle Risorse, focalizzando l\u2019attenzione sulle aspettative e la soddisfazione del Cliente e delle altre Parti Interessate.<span class=\"Apple-converted-space\">\u00a0<\/span><\/p>\n\t\t<\/div>\n\t<\/div>\n\n\t\n\n\t<div class=\"col medium-3 small-12 large-3 col-divided\"  data-animate=\"fadeInRight\">\n\t\t<div class=\"col-inner text-center box-shadow-3 box-shadow-3-hover\" style=\"background-color:rgb(225, 225, 225);padding:10px 10px 10px 10px;margin:10px 10px 10px 10px;\" >\n\t\t\t\n\t\t\t\n\t<div class=\"img has-hover x md-x lg-x y md-y lg-y\" id=\"image_1181712994\">\n\t\t\t\t\t\t\t\t<div class=\"img-inner dark\" >\n\t\t\t<img width=\"300\" height=\"280\" src=\"https:\/\/www.officinamarchetti.it\/wp-content\/uploads\/2023\/03\/www.officinamarchetti.it-ucisapblu.jpg\" class=\"attachment-large size-large\" alt=\"\" loading=\"lazy\" \/>\t\t\t\t\t\t\n\t\t\t\t\t<\/div>\n\t\t\t\t\t\t\t\t\n<style scope=\"scope\">\n\n#image_1181712994 {\n  width: 100%;\n}\n<\/style>\n\t<\/div>\n\t\n<h6><span style=\"font-size: 100%;\">OFFICINA MECCANICA MARCHETTI<\/span><br \/><span style=\"font-size: 100%;\">\u00e8 associata a UCISAP Unione Costruttori Italiani Stampi e Attrezzature di Precisione<\/span><\/h6>\n\t\t<\/div>\n\t<\/div>\n\n\t\n\n\t<div class=\"col medium-3 small-12 large-3 col-divided\"  data-animate=\"fadeInRight\">\n\t\t<div class=\"col-inner text-center box-shadow-3 box-shadow-3-hover\" style=\"background-color:rgb(225, 225, 225);padding:10px 10px 10px 10px;margin:10px 10px 10px 10px;\" >\n\t\t\t\n\t\t\t\n\t<div class=\"img has-hover x md-x lg-x y md-y lg-y\" id=\"image_2097801739\">\n\t\t<a class=\"\" href=\"https:\/\/www.officinamarchetti.it\/wp-content\/uploads\/2026\/04\/www.officinamarchetti.it-50-100-16871-rev.003.pdf\" target=\"_blank\" rel=\"noopener noreferrer\" >\t\t\t\t\t\t<div class=\"img-inner dark\" >\n\t\t\t<img width=\"526\" height=\"800\" src=\"https:\/\/www.officinamarchetti.it\/wp-content\/uploads\/2026\/04\/www.officinamarchetti.it-www.officinamarchetti.it-certificato-2026-526x800.jpg\" class=\"attachment-large size-large\" alt=\"\" loading=\"lazy\" srcset=\"https:\/\/www.officinamarchetti.it\/wp-content\/uploads\/2026\/04\/www.officinamarchetti.it-www.officinamarchetti.it-certificato-2026-526x800.jpg 526w, https:\/\/www.officinamarchetti.it\/wp-content\/uploads\/2026\/04\/www.officinamarchetti.it-www.officinamarchetti.it-certificato-2026-263x400.jpg 263w, https:\/\/www.officinamarchetti.it\/wp-content\/uploads\/2026\/04\/www.officinamarchetti.it-www.officinamarchetti.it-certificato-2026.jpg 607w\" sizes=\"(max-width: 526px) 100vw, 526px\" \/>\t\t\t\t\t\t\n\t\t\t\t\t<\/div>\n\t\t\t\t\t\t<\/a>\t\t\n<style scope=\"scope\">\n\n#image_2097801739 {\n  width: 100%;\n}\n<\/style>\n\t<\/div>\n\t\n\t\t<\/div>\n\t<\/div>\n\n\t\n\n<style scope=\"scope\">\n\n<\/style>\n<\/div>\n<div class=\"message-box relative dark\" style=\"padding-top:36px;padding-bottom:36px;\"><div class=\"message-box-bg-image bg-fill fill\" ><\/div><div class=\"message-box-bg-overlay bg-fill fill\" style=\"background-color:rgb(238, 238, 238);\"><\/div><div class=\"container relative\"><div class=\"inner last-reset\">\n<div class=\"row align-middle\"  id=\"row-461266613\">\n\n\t<div class=\"col medium-7 small-12 large-7\"  >\n\t\t<div class=\"col-inner\"  >\n\t\t\t\n\t\t\t\n<h2 class=\"uppercase\"><span style=\"color: #333333;\">I nostri tecnici sono a vostra disposizione<\/span><\/h2>\n<p><span style=\"color: #333333;\">Il nostro reparto tecnico pu\u00f2 assistervi nei vostri progetti, con l&#8217;esperienza accumulata in pi\u00f9 di 40 anni di attivit\u00e0, per arrivare al migliore risultato possibile<\/span><\/p>\n\t\t<\/div>\n\t<\/div>\n\n\t\n\n\t<div class=\"col medium-5 small-12 large-5\"  >\n\t\t<div class=\"col-inner text-right\"  >\n\t\t\t\n\t\t\t\n<a data-animate=\"flipInY\" href=\"https:\/\/www.officinamarchetti.it\/?page_id=815\" target=\"_self\" class=\"button primary is-outline is-larger\"  >\n    <span>CONTATTACI ORA<\/span>\n  <\/a>\n\n\t\t<\/div>\n\t<\/div>\n\n\t\n\n<style scope=\"scope\">\n\n<\/style>\n<\/div>\n<\/div><\/div><\/div>\n","protected":false},"excerpt":{"rendered":"","protected":false},"author":1,"featured_media":0,"parent":0,"menu_order":0,"comment_status":"closed","ping_status":"closed","template":"page-blank.php","meta":[],"_links":{"self":[{"href":"https:\/\/www.officinamarchetti.it\/index.php?rest_route=\/wp\/v2\/pages\/672"}],"collection":[{"href":"https:\/\/www.officinamarchetti.it\/index.php?rest_route=\/wp\/v2\/pages"}],"about":[{"href":"https:\/\/www.officinamarchetti.it\/index.php?rest_route=\/wp\/v2\/types\/page"}],"author":[{"embeddable":true,"href":"https:\/\/www.officinamarchetti.it\/index.php?rest_route=\/wp\/v2\/users\/1"}],"replies":[{"embeddable":true,"href":"https:\/\/www.officinamarchetti.it\/index.php?rest_route=%2Fwp%2Fv2%2Fcomments&post=672"}],"version-history":[{"count":12,"href":"https:\/\/www.officinamarchetti.it\/index.php?rest_route=\/wp\/v2\/pages\/672\/revisions"}],"predecessor-version":[{"id":1321,"href":"https:\/\/www.officinamarchetti.it\/index.php?rest_route=\/wp\/v2\/pages\/672\/revisions\/1321"}],"wp:attachment":[{"href":"https:\/\/www.officinamarchetti.it\/index.php?rest_route=%2Fwp%2Fv2%2Fmedia&parent=672"}],"curies":[{"name":"wp","href":"https:\/\/api.w.org\/{rel}","templated":true}]}}